{"id":301,"date":"2025-09-16T08:39:32","date_gmt":"2025-09-16T08:39:32","guid":{"rendered":"https:\/\/vacikarateoldal.hu\/?page_id=301"},"modified":"2025-09-16T08:43:09","modified_gmt":"2025-09-16T08:43:09","slug":"bemutatok","status":"publish","type":"page","link":"https:\/\/vacikarateoldal.hu\/?page_id=301","title":{"rendered":"Bemutat\u00f3k"},"content":{"rendered":"\n<p><strong>Kyokushin Karate bemutat\u00f3 Kosd 2018.06.23:<\/strong><\/p>\n\n\n\n<figure class=\"wp-block-embed is-type-video is-provider-youtube wp-block-embed-youtube wp-embed-aspect-16-9 wp-has-aspect-ratio\"><div class=\"wp-block-embed__wrapper\">\n<iframe loading=\"lazy\" title=\"Wachtler Dojo Kyokushin Karate bemutat\u00f3 Kosd 2018.06.23\" width=\"810\" height=\"456\" src=\"https:\/\/www.youtube.com\/embed\/-dhXh-oz9fs?feature=oembed\" frameborder=\"0\" allow=\"accelerometer; autoplay; clipboard-write; encrypted-media; gyroscope; picture-in-picture; web-share\" referrerpolicy=\"strict-origin-when-cross-origin\" allowfullscreen><\/iframe>\n<\/div><\/figure>\n\n\n\n<p><strong>2017.07.22. V\u00e1ci Vil\u00e1gi Vigalom, t\u00f6r\u00e9sek:<\/strong><\/p>\n\n\n\n<figure class=\"wp-block-embed is-type-video is-provider-youtube wp-block-embed-youtube wp-embed-aspect-16-9 wp-has-aspect-ratio\"><div class=\"wp-block-embed__wrapper\">\n<iframe loading=\"lazy\" title=\"Wachtler Dojo t\u00f6r\u00e9s\/ tameshiwari\/ breaking video\" width=\"810\" height=\"456\" src=\"https:\/\/www.youtube.com\/embed\/kMU_BDnEBGk?feature=oembed\" frameborder=\"0\" allow=\"accelerometer; autoplay; clipboard-write; encrypted-media; gyroscope; picture-in-picture; web-share\" referrerpolicy=\"strict-origin-when-cross-origin\" allowfullscreen><\/iframe>\n<\/div><\/figure>\n\n\n\n<p><strong>2017.07.08. N\u0151tincsi Eszkim\u00f3 \u00e9s Indi\u00e1n J\u00e1t\u00e9kok:<\/strong><\/p>\n\n\n\n<figure class=\"wp-block-embed is-type-video is-provider-youtube wp-block-embed-youtube wp-embed-aspect-16-9 wp-has-aspect-ratio\"><div class=\"wp-block-embed__wrapper\">\n<iframe loading=\"lazy\" title=\"N\u0151tincsi Eszkim\u00f3 \u00e9s Indi\u00e1n J\u00e1t\u00e9kok Kyokushin Karate bemutat\u00f3 2017.07.08\" width=\"810\" height=\"456\" src=\"https:\/\/www.youtube.com\/embed\/1vYfWb-xxo8?feature=oembed\" frameborder=\"0\" allow=\"accelerometer; autoplay; clipboard-write; encrypted-media; gyroscope; picture-in-picture; web-share\" referrerpolicy=\"strict-origin-when-cross-origin\" allowfullscreen><\/iframe>\n<\/div><\/figure>\n\n\n\n<p><strong>2016 XXIV, V\u00e1ci Vil\u00e1gi Vigalom:<\/strong><\/p>\n\n\n\n<figure class=\"wp-block-embed is-type-video is-provider-youtube wp-block-embed-youtube wp-embed-aspect-16-9 wp-has-aspect-ratio\"><div class=\"wp-block-embed__wrapper\">\n<iframe loading=\"lazy\" title=\"V\u00e1ci Vil\u00e1gi Vigalom Karate Bemutat\u00f3 2016\" width=\"810\" height=\"456\" src=\"https:\/\/www.youtube.com\/embed\/PH04dPslbj0?feature=oembed\" frameborder=\"0\" allow=\"accelerometer; autoplay; clipboard-write; encrypted-media; gyroscope; picture-in-picture; web-share\" referrerpolicy=\"strict-origin-when-cross-origin\" allowfullscreen><\/iframe>\n<\/div><\/figure>\n","protected":false},"excerpt":{"rendered":"<p>Kyokushin Karate bemutat\u00f3 Kosd 2018.06.23: 2017.07.22. V\u00e1ci Vil\u00e1gi Vigalom, t\u00f6r\u00e9sek: 2017.07.08. N\u0151tincsi Eszkim\u00f3 \u00e9s Indi\u00e1n J\u00e1t\u00e9kok: 2016 XXIV, V\u00e1ci Vil\u00e1gi Vigalom:<\/p>\n","protected":false},"author":1,"featured_media":0,"parent":0,"menu_order":0,"comment_status":"closed","ping_status":"closed","template":"","meta":{"footnotes":""},"class_list":["post-301","page","type-page","status-publish","hentry","grid-sizer"],"_links":{"self":[{"href":"https:\/\/vacikarateoldal.hu\/index.php?rest_route=\/wp\/v2\/pages\/301","targetHints":{"allow":["GET"]}}],"collection":[{"href":"https:\/\/vacikarateoldal.hu\/index.php?rest_route=\/wp\/v2\/pages"}],"about":[{"href":"https:\/\/vacikarateoldal.hu\/index.php?rest_route=\/wp\/v2\/types\/page"}],"author":[{"embeddable":true,"href":"https:\/\/vacikarateoldal.hu\/index.php?rest_route=\/wp\/v2\/users\/1"}],"replies":[{"embeddable":true,"href":"https:\/\/vacikarateoldal.hu\/index.php?rest_route=%2Fwp%2Fv2%2Fcomments&post=301"}],"version-history":[{"count":1,"href":"https:\/\/vacikarateoldal.hu\/index.php?rest_route=\/wp\/v2\/pages\/301\/revisions"}],"predecessor-version":[{"id":303,"href":"https:\/\/vacikarateoldal.hu\/index.php?rest_route=\/wp\/v2\/pages\/301\/revisions\/303"}],"wp:attachment":[{"href":"https:\/\/vacikarateoldal.hu\/index.php?rest_route=%2Fwp%2Fv2%2Fmedia&parent=301"}],"curies":[{"name":"wp","href":"https:\/\/api.w.org\/{rel}","templated":true}]}}

Bemutatók

<p><strong>Kyokushin Karate bemutató Kosd 2018.06.23:</strong></p>



<figure class="wp-block-embed is-type-video is-provider-youtube wp-block-embed-youtube wp-embed-aspect-16-9 wp-has-aspect-ratio"><div class="wp-block-embed__wrapper">
<iframe loading="lazy" title="Wachtler Dojo Kyokushin Karate bemutató Kosd 2018.06.23" width="810" height="456" src="https://www.youtube.com/embed/-dhXh-oz9fs?feature=oembed" frameborder="0" allow="accelerometer; autoplay; clipboard-write; encrypted-media; gyroscope; picture-in-picture; web-share" referrerpolicy="strict-origin-when-cross-origin" allowfullscreen></iframe>
</div></figure>



<p><strong>2017.07.22. Váci Világi Vigalom, törések:</strong></p>



<figure class="wp-block-embed is-type-video is-provider-youtube wp-block-embed-youtube wp-embed-aspect-16-9 wp-has-aspect-ratio"><div class="wp-block-embed__wrapper">
<iframe loading="lazy" title="Wachtler Dojo törés/ tameshiwari/ breaking video" width="810" height="456" src="https://www.youtube.com/embed/kMU_BDnEBGk?feature=oembed" frameborder="0" allow="accelerometer; autoplay; clipboard-write; encrypted-media; gyroscope; picture-in-picture; web-share" referrerpolicy="strict-origin-when-cross-origin" allowfullscreen></iframe>
</div></figure>



<p><strong>2017.07.08. Nőtincsi Eszkimó és Indián Játékok:</strong></p>



<figure class="wp-block-embed is-type-video is-provider-youtube wp-block-embed-youtube wp-embed-aspect-16-9 wp-has-aspect-ratio"><div class="wp-block-embed__wrapper">
<iframe loading="lazy" title="Nőtincsi Eszkimó és Indián Játékok Kyokushin Karate bemutató 2017.07.08" width="810" height="456" src="https://www.youtube.com/embed/1vYfWb-xxo8?feature=oembed" frameborder="0" allow="accelerometer; autoplay; clipboard-write; encrypted-media; gyroscope; picture-in-picture; web-share" referrerpolicy="strict-origin-when-cross-origin" allowfullscreen></iframe>
</div></figure>



<p><strong>2016 XXIV, Váci Világi Vigalom:</strong></p>



<figure class="wp-block-embed is-type-video is-provider-youtube wp-block-embed-youtube wp-embed-aspect-16-9 wp-has-aspect-ratio"><div class="wp-block-embed__wrapper">
<iframe loading="lazy" title="Váci Világi Vigalom Karate Bemutató 2016" width="810" height="456" src="https://www.youtube.com/embed/PH04dPslbj0?feature=oembed" frameborder="0" allow="accelerometer; autoplay; clipboard-write; encrypted-media; gyroscope; picture-in-picture; web-share" referrerpolicy="strict-origin-when-cross-origin" allowfullscreen></iframe>
</div></figure>

<p>Kyokushin Karate bemutató Kosd 2018.06.23: 2017.07.22. Váci Világi Vigalom, törések: 2017.07.08. Nőtincsi Eszkimó és Indián Játékok: 2016 XXIV, Váci Világi Vigalom:</p>
